{"id":10281,"date":"2025-05-08T11:41:54","date_gmt":"2025-05-08T11:41:54","guid":{"rendered":"https:\/\/donkydetailing.com\/?post_type=product&#038;p=10281"},"modified":"2025-05-08T11:43:32","modified_gmt":"2025-05-08T11:43:32","slug":"kit-remorque-variolux-850-freinee-incl-rehausse-de-ridelle-bache-plate","status":"publish","type":"product","link":"https:\/\/donkydetailing.com\/?product=kit-remorque-variolux-850-freinee-incl-rehausse-de-ridelle-bache-plate","title":{"rendered":"kit remorque Variolux 850 frein\u00e9e incl. rehausse de ridelle + b\u00e2che plate"},"content":{"rendered":"<p>Remorque frein\u00e9e pour la maison, la cour et le jardin<br \/>\nVolume de chargement \u00e9lev\u00e9 gr\u00e2ce \u00e0 la ridelle<br \/>\nFabriqu\u00e9e en Allemagne<\/p>\n<p>La remorque Variolux 850 de Stema est une remorque surbaiss\u00e9e, \u00e0 un seul essieu, avec frein \u00e0 inertie et syst\u00e8me de marche arri\u00e8re automatique. Elle a un poids total maximum autoris\u00e9 de 850 kg et une charge utile de 641 kg. La combinaison entre une qualit\u00e9 de pointe et un look moderne fait de cette remorque le moyen de transport id\u00e9al pour tout ce qui se passe dans la maison, la cour et le jardin. Le rail p\u00e9riph\u00e9rique suppl\u00e9mentaire offre de nombreuses possibilit\u00e9s d&rsquo;arrimage pratiques et le dispositif antivol compris dans la livraison prot\u00e8ge contre tout acc\u00e8s non souhait\u00e9.<\/p>\n<p>Mais la remorque frein\u00e9e Variolux 850 offre \u00e9galement de nombreuses possibilit\u00e9s d&rsquo;utilisation dans le domaine professionnel, sur de courtes ou de longues distances. Une traverse suppl\u00e9mentaire dans le cadre sert de support au sol et \u00e0 la stabilisation de la surface de chargement. Les ridelles sont moulur\u00e9es \u00e0 plusieurs reprises. La remorque est ainsi particuli\u00e8rement robuste et r\u00e9sistante \u00e0 la torsion.<\/p>\n<p>Avec la rehausse de ridelle tr\u00e8s stable, que vous pouvez monter vous-m\u00eame \u00e0 l&rsquo;aide des instructions de montage fournies, la Variolux 850 atteint une hauteur de chargement de 69 cm et un volume de chargement de pr\u00e8s de 1,5 m\u00b3. Apr\u00e8s le montage sur la remorque, les b\u00e9quilles fournies emp\u00eachent la remorque de basculer vers le bas et lui donnent une bonne stabilit\u00e9. La b\u00e2che plate fournie prot\u00e8ge le chargement de la pluie et emp\u00eache les charges l\u00e9g\u00e8res, comme les d\u00e9chets verts, de s&rsquo;envoler.<\/p>\n<p>En tenant compte des dispositions l\u00e9gales, la remorque peut \u00eatre tract\u00e9e par un v\u00e9hicule tracteur d&rsquo;un poids \u00e0 vide de 780 kg et \u00e9quip\u00e9 de l&rsquo;ABS, \u00e0 une vitesse de 100 km\/h. La remorque est \u00e9quip\u00e9e de s\u00e9rie d&rsquo;amortisseurs et peut donc \u00eatre homologu\u00e9e pour 100 km\/h aupr\u00e8s des autorit\u00e9s comp\u00e9tentes.<\/p>\n<p>La remorque est livr\u00e9e avec un roulement de roue compact n\u00e9cessitant peu d&rsquo;entretien, un essieu \u00e0 ressort en caoutchouc de qualit\u00e9, des feux arri\u00e8re multifonctionnels de grande taille, y compris un feu antibrouillard arri\u00e8re et un feu de recul, et de nombreux raccords \u00e0 vis faciles \u00e0 r\u00e9viser. Les 4 crochets d&rsquo;arrimage sur la surface de chargement offrent des points d&rsquo;arrimage suppl\u00e9mentaires. La remorque est \u00e9quip\u00e9e d&rsquo;une roue jockey, d&rsquo;un raccordement \u00e9lectrique \u00e0 13 p\u00f4les, de pneus neufs, de fermetures de s\u00e9curit\u00e9 Stema avec poign\u00e9e rouge souple sur la paroi arri\u00e8re et conform\u00e9ment aux directives de l&rsquo;UE. La livraison comprend la carte grise, la d\u00e9claration de conformit\u00e9 CE (papier CoC) et le mode d&#8217;emploi.<\/p>\n<p>Une protection suppl\u00e9mentaire en plastique \u00e9lastique sur l&rsquo;attelage (Red-Nose) prot\u00e8ge le v\u00e9hicule tracteur contre les dommages.<\/p>\n<p>Le rev\u00eatement sp\u00e9cial aluminium-zinc (Galvalume\u00ae) des ridelles et le ch\u00e2ssis galvanis\u00e9 \u00e0 chaud garantissent une grande insensibilit\u00e9 aux intemp\u00e9ries.Toutes les remorques Stema sont \u00e9quip\u00e9es de timons en V comme caract\u00e9ristique de s\u00e9curit\u00e9 suppl\u00e9mentaire.<\/p>\n<p>Le plancher de la remorque est en bois multicouche coll\u00e9 de mani\u00e8re imperm\u00e9able avec une surface antid\u00e9rapante rev\u00eatue de r\u00e9sine ph\u00e9nolique.<\/p>\n<p>La remorque est livr\u00e9e avec les accessoires suivants :<br \/>\n&#8211; Rehausse de ridelle, hauteur 36 cm (non mont\u00e9e)<br \/>\n&#8211; B\u00e2che plate (couleur de la b\u00e2che : rouge, non mont\u00e9e)<br \/>\n&#8211; 1 paire de b\u00e9quilles (d\u00e9j\u00e0 mont\u00e9es \u00e0 la livraison) .<\/p>\n<p>&nbsp;<\/p>\n","protected":false},"excerpt":{"rendered":"<p>Donn\u00e9es techniques<br \/>\nCaract\u00e9ristiques du produit<br \/>\nSurface utile : 201 x 108 cm<br \/>\nHauteur des parois lat\u00e9rales : 69 cm<br \/>\nPoids total maximum autoris\u00e9 : 850 kg<br \/>\nCharge utile maximale : 641 kg<br \/>\nVersion : chargeur surbaiss\u00e9<br \/>\nFrein\u00a0: avec fonction de freinage<br \/>\nRoue jockey\u00a0: Avec roue jockey<br \/>\nAmortisseur\u00a0: Avec amortisseur<br \/>\nCharge de support (kg): 75 kg<br \/>\nNombre d&rsquo;axes : 1<br \/>\nDimensions ext\u00e9rieures totales : 2,92 x 1,49 x 1,26 m<br \/>\nHauteur du seuil de chargement : 54 cm<br \/>\n\u00c9paisseur du socle : 9 mm<br \/>\nDiam\u00e8tre de la jante : 33,02 cm (13&Prime;)<br \/>\nmesures et poids<br \/>\nPoids : 205,0 kg<br \/>\nHauteur : 90,0 cm<br \/>\nLargeur : 150,0 cm<br \/>\nProfondeur : 2,95 m<\/p>\n","protected":false},"featured_media":10525,"comment_status":"open","ping_status":"closed","template":"","meta":{"inline_featured_image":false},"product_brand":[],"product_cat":[130,105],"product_tag":[],"class_list":{"0":"post-10281","1":"product","2":"type-product","3":"status-publish","4":"has-post-thumbnail","6":"product_cat-remorque-voiture","7":"product_cat-remorques","9":"first","10":"instock","11":"sale","12":"purchasable","13":"product-type-simple"},"_links":{"self":[{"href":"https:\/\/donkydetailing.com\/index.php?rest_route=\/wp\/v2\/product\/10281","targetHints":{"allow":["GET"]}}],"collection":[{"href":"https:\/\/donkydetailing.com\/index.php?rest_route=\/wp\/v2\/product"}],"about":[{"href":"https:\/\/donkydetailing.com\/index.php?rest_route=\/wp\/v2\/types\/product"}],"replies":[{"embeddable":true,"href":"https:\/\/donkydetailing.com\/index.php?rest_route=%2Fwp%2Fv2%2Fcomments&post=10281"}],"version-history":[{"count":0,"href":"https:\/\/donkydetailing.com\/index.php?rest_route=\/wp\/v2\/product\/10281\/revisions"}],"wp:featuredmedia":[{"embeddable":true,"href":"https:\/\/donkydetailing.com\/index.php?rest_route=\/wp\/v2\/media\/10525"}],"wp:attachment":[{"href":"https:\/\/donkydetailing.com\/index.php?rest_route=%2Fwp%2Fv2%2Fmedia&parent=10281"}],"wp:term":[{"taxonomy":"product_brand","embeddable":true,"href":"https:\/\/donkydetailing.com\/index.php?rest_route=%2Fwp%2Fv2%2Fproduct_brand&post=10281"},{"taxonomy":"product_cat","embeddable":true,"href":"https:\/\/donkydetailing.com\/index.php?rest_route=%2Fwp%2Fv2%2Fproduct_cat&post=10281"},{"taxonomy":"product_tag","embeddable":true,"href":"https:\/\/donkydetailing.com\/index.php?rest_route=%2Fwp%2Fv2%2Fproduct_tag&post=10281"}],"curies":[{"name":"wp","href":"https:\/\/api.w.org\/{rel}","templated":true}]}}