{"id":12668,"date":"2025-06-16T22:07:04","date_gmt":"2025-06-16T22:07:04","guid":{"rendered":"https:\/\/donkydetailing.com\/?post_type=product&#038;p=12668"},"modified":"2025-06-16T22:07:19","modified_gmt":"2025-06-16T22:07:19","slug":"conteneur-sanitaire-3x6-divise","status":"publish","type":"product","link":"https:\/\/donkydetailing.com\/?product=conteneur-sanitaire-3x6-divise","title":{"rendered":"Conteneur Sanitaire 3\u00d76 Divis\u00e9"},"content":{"rendered":"","protected":false},"excerpt":{"rendered":"<p>Ce nouveau conteneur sanitaire est un module fonctionnel et compact, id\u00e9al pour les installations temporaires ou permanentes n\u00e9cessitant des sanitaires complets et confortables. Parfait pour les chantiers, \u00e9v\u00e9nements, sites de loisirs ou autres situations requ\u00e9rant des infrastructures sanitaires autonomes, ce conteneur est con\u00e7u pour offrir un confort moderne tout en maximisant l\u2019utilisation de l\u2019espace.<\/p>\n","protected":false},"featured_media":12695,"comment_status":"closed","ping_status":"closed","template":"","meta":{"inline_featured_image":false},"product_brand":[],"product_cat":[117,120],"product_tag":[],"class_list":{"0":"post-12668","1":"product","2":"type-product","3":"status-publish","4":"has-post-thumbnail","6":"product_cat-containers","7":"product_cat-conteneurs-sanitaire","9":"first","10":"instock","11":"taxable","12":"shipping-taxable","13":"purchasable","14":"product-type-simple"},"_links":{"self":[{"href":"https:\/\/donkydetailing.com\/index.php?rest_route=\/wp\/v2\/product\/12668","targetHints":{"allow":["GET"]}}],"collection":[{"href":"https:\/\/donkydetailing.com\/index.php?rest_route=\/wp\/v2\/product"}],"about":[{"href":"https:\/\/donkydetailing.com\/index.php?rest_route=\/wp\/v2\/types\/product"}],"replies":[{"embeddable":true,"href":"https:\/\/donkydetailing.com\/index.php?rest_route=%2Fwp%2Fv2%2Fcomments&post=12668"}],"version-history":[{"count":1,"href":"https:\/\/donkydetailing.com\/index.php?rest_route=\/wp\/v2\/product\/12668\/revisions"}],"predecessor-version":[{"id":12696,"href":"https:\/\/donkydetailing.com\/index.php?rest_route=\/wp\/v2\/product\/12668\/revisions\/12696"}],"wp:featuredmedia":[{"embeddable":true,"href":"https:\/\/donkydetailing.com\/index.php?rest_route=\/wp\/v2\/media\/12695"}],"wp:attachment":[{"href":"https:\/\/donkydetailing.com\/index.php?rest_route=%2Fwp%2Fv2%2Fmedia&parent=12668"}],"wp:term":[{"taxonomy":"product_brand","embeddable":true,"href":"https:\/\/donkydetailing.com\/index.php?rest_route=%2Fwp%2Fv2%2Fproduct_brand&post=12668"},{"taxonomy":"product_cat","embeddable":true,"href":"https:\/\/donkydetailing.com\/index.php?rest_route=%2Fwp%2Fv2%2Fproduct_cat&post=12668"},{"taxonomy":"product_tag","embeddable":true,"href":"https:\/\/donkydetailing.com\/index.php?rest_route=%2Fwp%2Fv2%2Fproduct_tag&post=12668"}],"curies":[{"name":"wp","href":"https:\/\/api.w.org\/{rel}","templated":true}]}}